- (4 - 0)*-1.
2, 3, 23
Let l(i) = i**3 - 23*i - 17. List the prime factors of l(15).
23, 131
What are the prime factors of (0 - -3)*18890/210*7?
1889
Suppose -2*a + 28 = -2*y, a - 2*y + 8 = 2*a. Let s(r) = -r**2 + 26*r - 30. What are the prime factors of s(a)?
2, 3, 23
Suppose -2*a + a = -3*c + 13, -c - 5 = -5*a. Suppose 5*g = i + 4, i - 4*g = -g + a. Let x = i + -6. What are the prime factors of x?
5
Let i(j) = 2*j**2 - 24*j - 5. Let k be i(14). Let l = k + 91. List the prime factors of l.
2, 71
Let u = -19 - -12. Let f(r) = -r. Let q(n) = 35*n + 21. Let t(a) = -28*f(a) - q(a). What are the prime factors of t(u)?
2, 7
Suppose 4*v - 3461 + 1197 = 0. List the prime factors of v.
2, 283
Let d(x) = -x + x**3 - 13*x**2 - 13*x - 47 + 52. Let h be d(14). Suppose -4*o - 4*f = -188, h*f + 83 + 42 = 3*o. What are the prime factors of o?
3, 5
Let j = 38 - 40. Let o(w) = -4*w**3 - w**2 + 3*w + 1. What are the prime factors of o(j)?
23
Let t be (-52)/12*3 + 0 + 1. Let p be 10/(1/((-5)/(-2))). Let l = p + t. List the prime factors of l.
13
Let q = 2983 + -2122. List the prime factors of q.
3, 7, 41
Let i(o) = 2*o - 7. Let k(z) = z - 8. Let r(f) = 2*i(f) - 3*k(f). Let u be r(-8). List the prime factors of u/(-7) + (-4026)/(-77).
2, 13
Suppose -5*z = g + 375, 3*z = g + 2*g - 243. Let q = z - -126. Let y = q + 12. List the prime factors of y.
2, 31
Suppose 5 = 32*n - 37*n. Let i = 10 - n. Suppose -z - t = -2*t - i, -3*z + 28 = -4*t. List the prime factors of z.
2
Suppose -5*i + i + 324 = 0. Suppose -19*m = -18*m + i. Let q = -43 - m. List the prime factors of q.
2, 19
Let w(d) = -4*d**3 + 2*d**2 + 22*d + 68. List the prime factors of w(-4).
2, 67
Let x(p) = -p**3 + 9*p**2 + 10*p - 4. Let w be x(10). Let n(b) = b**3 + 12*b**2 + 6*b + 2. What are the prime factors of n(w)?
2, 53
Let z(l) = -9*l + 5. Let s(u) = 8*u - 4. Let h(o) = 4*s(o) + 3*z(o). Let n be h(1). Suppose n + 6 = 5*v. List the prime factors of v.
2
Suppose g = -4*m - 11, -5*m - 6*g = -2*g. Let c = -1 - m. Suppose -3*j + 109 = 4*b - 3*b, -c*j - 4*b + 121 = 0. What are the prime factors of j?
5, 7
Let y be (-560)/3*(-6)/5. Suppose 4*b - 2*m + y = 0, b - 4*m + 34 + 36 = 0. Let d = -29 - b. List the prime factors of d.
5
Let r(z) = z - 3. Let f(m) = 7*m**2. Let p be f(-1). Let y be r(p). Suppose -y*c = -11 + 3. What are the prime factors of c?
2
Let i(x) = 6*x**2 - 18*x + 11. Let n be i(9). Suppose -2*w - n = -7*w. What are the prime factors of w?
67
Suppose -j = 6*j - 14. Suppose -3*b + 18 = j*s, b - 9 = -s - 0*s. List the prime factors of s.
3
Let d be -2 + (0/(-1) - 30). Let v = d - -17. List the prime factors of (v/(-12))/(3/12).
5
Let s(v) = 5*v**2 - 10*v + 5. Let i(u) = 9*u**2 - 21*u + 10. Let g(j) = 4*i(j) - 7*s(j). Let h(w) = -2*w + 3. Let z be h(-6). List the prime factors of g(z).
2, 5
Suppose 13611 = 5*h + 3*l, -h = -3*h - 2*l + 5446. What are the prime factors of h?
3, 907
Suppose -k + 3*k = -24. Let h = 37 - k. List the prime factors of h.
7
Suppose -3*b - s = -271, -7 = -2*s - 17. List the prime factors of b.
2, 23
Let s = -2002 + 2905. List the prime factors of s.
3, 7, 43
Suppose 4*x - 152 = 2*k, -6*x = -x - 5*k - 190. Suppose 0 = 3*z - x - 67. Suppose -l = p - 19, 0*p + 5*l - z = -2*p. List the prime factors of p.
2, 5
Let y(l) = 3*l**2 + 16*l - 36. What are the prime factors of y(11)?
503
Suppose 69 + 377 = 2*v. What are the prime factors of v?
223
What are the prime factors of 8*((12 - 1) + (-27)/18)?
2, 19
Suppose -2*h + 2*p + 48 = 0, -5*p = -4*h + 2*h + 60. Suppose -26 - h = -n. Let z = n + -7. List the prime factors of z.
3, 13
Suppose r + 3*s + 365 = 0, 5*s - 2176 + 750 = 4*r. Let f = r - -583. List the prime factors of f.
2, 7
Let v(t) = 9*t**3 - 2*t**2 + 14*t - 5. Let b be v(5). What are the prime factors of (12/9)/(8/b)?
2, 5, 19
Suppose -5 + 20 = 5*q. Suppose -5*y = -q*y. Suppose -7*u + 2*u + 70 = y. What are the prime factors of u?
2, 7
Suppose 0 = 5*g + 2 - 42. Let v(k) = k**2 - 6*k - 6. List the prime factors of v(g).
2, 5
Let j(u) = 3*u**3 - 2*u**2 + 3*u. Let v(d) = -36*d - 3 - d**3 + 35*d + 4 + d**2. Let r(b) = j(b) + 2*v(b). List the prime factors of r(3).
2
Let m be (2/5)/(3/150). Suppose x + m = 5*b - x, 3*x = 0. Suppose 4*v - 12 + b = 0. List the prime factors of v.
2
Let y(s) = s**3 - 6*s**2 - 15*s - 15. Let i be y(8). What are the prime factors of (-2)/(2/i)*(18 - 4)?
2, 7
Suppose 0 = -u, -b + 2*u - 4525 = -6*b. List the prime factors of b.
5, 181
Let c(i) be the third derivative of -i**4/12 + 3*i**3 + 17*i**2. What are the prime factors of c(-21)?
2, 3, 5
Let r be 6/8 + 1309/68. List the prime factors of ((-2)/8)/(2/r)*-60.
2, 3, 5
Let b be (168/18)/(6/9). Let z be b/(-2) + 3 + 4. Suppose z = l - 5 + 3. List the prime factors of l.
2
Let h(s) = -60*s - 71. What are the prime factors of h(-9)?
7, 67
Let f(x) = x**2 + 3*x + 19. Let o be (-78)/(-9) - -5*(-10)/75. What are the prime factors of f(o)?
107
Let i(u) = -561*u - 14. List the prime factors of i(-3).
1669
Suppose -2*g + 0 + 4 = 0. Suppose 0 = 18*b - 21*b + 150. What are the prime factors of (b/4 + 3)*g?
31
Let g(j) = -j**2 + 8*j - 9. Suppose 10 = 9*d - 7*d. Let o be g(d). Suppose -b - 85 = -o*b. List the prime factors of b.
17
Let k(n) = 3*n**2 + 5*n + 4. Let x be k(-2). Suppose 0 = 3*q - 132 - x. What are the prime factors of q?
2, 23
Suppose -p = 7*p - 960. Let s = p + 76. List the prime factors of s.
2, 7
Let w(g) = -g**3 + 15*g**2 - 18*g - 4. Let a = -60 - -73. List the prime factors of w(a).
2, 5
Let a be 22 + -6 - (-6)/(-2). Let f(d) = -6*d - 8. Let s be f(a). Let x = -50 - s. List the prime factors of x.
2, 3
Suppose -5*b - 3 = 17, -4*b + 4194 = 5*t. List the prime factors of t.
2, 421
Let i(r) = -6 - 5 - 6*r - 6 - 3*r. List the prime factors of i(-6).
37
Let o(m) be the first derivative of -19*m**2/2 - 17*m - 9. List the prime factors of o(-6).
97
Let r = 3 - -2. Let p = -186 + 204. Suppose p = r*d - 82. List the prime factors of d.
2, 5
Suppose 5*g - 411 - 354 = 0. What are the prime factors of g?
3, 17
Suppose -1 = 3*b - 19. List the prime factors of (-30)/((21/b)/(-1) + 3).
2, 3, 5
Let q(v) = -2*v**3 - 11*v**2 + 10*v + 17. Let j be q(-7). Suppose -14 = -a + 5*r - 3*r, 5*a - j = 4*r. What are the prime factors of a?
2, 11
Let t(b) = 146*b + 180. List the prime factors of t(6).
2, 3, 11
Let c(j) be the first derivative of -j**5/60 - j**4/4 + j**3/3 + 3*j**2/2 - 2. Let u(o) be the second derivative of c(o). List the prime factors of u(-6).
2
Let x(m) be the second derivative of -m**5/20 + 5*m**4/12 - m**3/2 + 9*m**2/2 - 3*m. Let n be x(6). Let k = 79 + n. List the prime factors of k.
2, 17
Suppose 162 = 57*d - 48*d. What are the prime factors of d?
2, 3
Let s(w) = 36*w + 159. List the prime factors of s(5).
3, 113
Let a be (2/(-6)*-1689)/(-1). List the prime factors of (-3)/7 - (a/7 - -2).
2, 3, 13
Let l be (-25)/9 - 78/351. What are the prime factors of 32 + 0 + l + 4?
3, 11
Let a(r) = r**3 + 7*r**2 - 5*r - 3. Let q be a(-8). Let o = 47 + q. What are the prime factors of ((-8)/o)/((-3)/480)?
2
Let h(z) = -2*z**3 - 21*z**2 - 38*z + 36. List the prime factors of h(-13).
5, 11
Let k = -130 - -1389. What are the prime factors of k?
1259
Let b(o) = -o**3 - 22*o**2 - 26*o - 16. Let s(a) = -a**3 - 23*a**2 - 27*a - 16. Let i(q) = -7*b(q) + 6*s(q). What are the prime factors of i(-13)?
263
Suppose 1231 + 3417 = 2*k. List the prime factors of k.
2, 7, 83
Let s be 8/(-4 + 2 + 1). Let g(j) = -j**2 - 9*j - 1. Let c be g(s). Suppose p + 4*h + 62 = 6*p, p + h = c. What are the prime factors of p?
2, 5
Suppose 5*p + 10 = 5*u, 3*p = 2*u - 7 + 2. Let y = 16 - 17. List the prime factors of ((p - -3) + -41)/y.
3, 13
Suppose 7*w = 4962 + 7022. List the prime factors of w.
2, 107
Suppose -2*i = -4*a - 120, 4*i - 3*a = -0*i + 260. What are the prime factors of i?
2, 17
What are the prime factors of (27/(-36))/((-2)/1104)?
2, 3, 23
Let a(k) = k**3 - 26*k**2 + 65*k - 36. List the prime factors of a(29).
2, 1093
Suppose -b - 2 = 2. Let w(l) = -4*l**3 - 3*l**2 + 4*l + 4. Let c be w(b). Suppose -7*q = -3*q - c. What are the prime factors of q?
7
Let s(k) be the first derivative of k**4/4 - 10*k**3/3 + 3*k**2/2 + 2*k - 5. Let m be (-32 - (-3 + 1))*(-2)/6. List the prime factors of s(m).
2
Let f = 29 - 33. List the prime fa